 the tens digit of 19831?
3
What is the hundreds digit of 1101?
1
What is the thousands digit of 25481?
5
What is the hundreds digit of 1060?
0
What is the units digit of 749?
9
What is the units digit of 21636?
6
What is the tens digit of 141?
4
What is the hundreds digit of 47645?
6
What is the hundreds digit of 83708?
7
What is the units digit of 784?
4
What is the thousands digit of 16925?
6
What is the units digit of 51362?
2
What is the hundreds digit of 2893?
8
What is the units digit of 6720?
0
What is the ten thousands digit of 10204?
1
What is the tens digit of 199?
9
What is the tens digit of 23257?
5
What is the hundreds digit of 4907?
9
What is the tens digit of 7373?
7
What is the hundreds digit of 177?
1
What is the hundreds digit of 256?
2
What is the units digit of 52951?
1
What is the hundreds digit of 561?
5
What is the units digit of 489?
9
What is the tens digit of 1450?
5
What is the thousands digit of 7072?
7
What is the thousands digit of 1301?
1
What is the thousands digit of 34986?
4
What is the ten thousands digit of 124471?
2
What is the ten thousands digit of 45450?
4
What is the thousands digit of 1063?
1
What is the thousands digit of 13038?
3
What is the tens digit of 1445?
4
What is the thousands digit of 47267?
7
What is the thousands digit of 2287?
2
What is the units digit of 63741?
1
What is the tens digit of 20828?
2
What is the ten thousands digit of 21993?
2
What is the tens digit of 283?
8
What is the thousands digit of 58031?
8
What is the hundreds digit of 1153?
1
What is the tens digit of 484?
8
What is the units digit of 5242?
2
What is the tens digit of 1469?
6
What is the ten thousands digit of 29904?
2
What is the hundreds digit of 4157?
1
What is the ten thousands digit of 26648?
2
What is the thousands digit of 4652?
4
What is the units digit of 14751?
1
What is the hundreds digit of 4345?
3
What is the thousands digit of 12568?
2
What is the thousands digit of 7549?
7
What is the tens digit of 27874?
7
What is the thousands digit of 6691?
6
What is the hundreds digit of 137887?
8
What is the thousands digit of 4131?
4
What is the tens digit of 448?
4
What is the units digit of 239?
9
What is the hundreds digit of 5536?
5
What is the tens digit of 489?
8
What is the tens digit of 665?
6
What is the units digit of 478?
8
What is the hundreds digit of 20365?
3
What is the ten thousands digit of 60203?
6
What is the thousands digit of 13050?
3
What is the units digit of 8610?
0
What is the tens digit of 14157?
5
What is the tens digit of 72665?
6
What is the tens digit of 699?
9
What is the hundreds digit of 2178?
1
What is the ten thousands digit of 15503?
1
What is the units digit of 2591?
1
What is the thousands digit of 141246?
1
What is the ten thousands digit of 112110?
1
What is the thousands digit of 40662?
0
What is the units digit of 590?
0
What is the thousands digit of 2310?
2
What is the units digit of 1554?
4
What is the tens digit of 31207?
0
What is the hundreds digit of 74426?
4
What is the tens digit of 709?
0
What is the units digit of 11527?
7
What is the ten thousands digit of 18489?
1
What is the hundreds digit of 50232?
2
What is the ten thousands digit of 16427?
1
What is the tens digit of 810?
1
What is the units digit of 1471?
1
What is the tens digit of 7008?
0
What is the hundreds digit of 2210?
2
What is the units digit of 36598?
8
What is the tens digit of 1212?
1
What is the tens digit of 82243?
4
What is the thousands digit of 31892?
1
What is the thousands digit of 1785?
1
What is the hundreds digit of 792?
7
What is the thousands digit of 38104?
8
What is the tens digit of 5423?
2
What is the tens digit of 2522?
2
What is the hundreds digit of 286?
2
What is the tens digit of 884?
8
What is the hundreds digit of 26765?
7
What is the units digit of 10686?
6
What is the tens digit of 2400?
0
What is the thousands digit of 13125?
3
What is the tens digit of 64?
6
What is the units digit of 1066?
6
What is the thousands digit of 6581?
6
What is the hundreds digit of 38568?
5
What is the units digit of 843?
3
What is the thousands digit of 4999?
4
What is the hundreds digit of 4320?
3
What is the units digit of 2951?
1
What is the tens digit of 691?
9
What is the units digit of 2393?
3
What is the hundreds digit of 5246?
2
What is the hundreds digit of 940?
9
What is the units digit of 4175?
5
What is the hundreds digit of 5819?
8
What is the hundreds digit of 766?
7
What is the thousands digit of 55432?
5
What is the thousands digit of 10531?
0
What is the tens digit of 496?
9
What is the hundreds digit of 235?
2
What is the tens digit of 7311?
1
What is the thousands digit of 11678?
1
What is the tens digit of 7746?
4
What is the tens digit of 2197?
9
What is the units digit of 138?
8
What is the tens digit of 14?
1
What is the units digit of 10241?
1
What is the ten thousands digit of 22280?
2
What is the ten thousands digit of 32215?
3
What is the hundreds digit of 236?
2
What is the units digit of 29183?
3
What is the thousands digit of 24775?
4
What is the hundreds digit of 7122?
1
What is the units digit of 30957?
7
What is the tens digit of 31103?
0
What is the units digit of 20214?
4
What is the tens digit of 2925?
2
What is the units digit of 12077?
7
What is the units digit of 76743?
3
What is the ten thousands digit of 47208?
4
What is the hundred thousands digit of 167023?
1
What is the tens digit of 992?
9
What is the tens digit of 87912?
1
What is the tens digit of 896?
9
What is the hundreds digit of 1401?
4
What is the tens digit of 2790?
9
What is the tens digit of 447?
4
What is the units digit of 14176?
6
What is the tens digit of 5435?
3
What is the hundreds digit of 323?
3
What is the hundreds digit of 4384?
3
What is the units digit of 526?
6
What is the tens digit of 65605?
0
What is the tens digit of 78?
7
What is the ten thousands digit of 127159?
2
What is the units digit of 6799?
9
What is the tens digit of 9017?
1
What is the thousands digit of 4757?
4
What is the units digit of 1397?
7
What is the hundreds digit of 5325?
3
What is the ten thousands digit of 15361?
1
What is the thousands digit of 3943?
3
What is the thousands digit of 2512?
2
What is the units digit of 46019?
9
What is the tens digit of 11718?
1
What is the hundreds digit of 16582?
5
What is the thousands digit of 1461?
1
What is the tens digit of 105?
0
What is the hundreds digit of 801?
8
What is the hundreds digit of 9778?
7
What is the tens digit of 2046?
4
What is the tens digit of 10977?
7
What is the thousands digit of 123603?
3
What is the hundreds digit of 5851?
8
What is the units digit of 48327?
7
What is the thousands digit of 32392?
2
What is the thousands digit of 57533?
7
What is the units digit of 55463?
3
What is the ten thousands digit of 16175?
1
What is the thousands digit of 4886?
4
What is the units digit of 710?
0
What is the thousands digit of 9363?
9
What is the hundreds digit of 112691?
6
What is the ten thousands digit of 96775?
9
What is the thousands digit of 10233?
0
What is the units digit of 28499?
9
What is the tens digit of 1797?
9
What is the thousands digit of 5524?
5
What is the ten thousands digit of 146909?
4
What is the thousands digit of 93107?
3
What is the tens digit of 1918?
1
What is the thousands digit of 169976?
9
What is the tens digit of 16444?
4
What is the units digit of 2722?
2
What is the units digit of 31235?
5
What is the units digit of 170427?
7
What is the hundreds digit of 10240?
2
What is the thousands digit of 1440?
1
What is the ten thousands digit of 36645?
3
What is the tens digit of 16349?
4
What is the tens digit of 9640?
4
What is the hundreds digit of 689?
6
What is the tens digit of 155?
5
What is the units digit of 977?
7
What is the hundreds digit of 27182?
1
What is the units digit of 566?
6
What is the hundreds digit of 144?
1
What is the tens digit of 2470?
7
What is the thousands digit of 1259?
1
What is the hundreds digit of 970?
9
What is the tens digit of 54766?
6
What is the ten thousands digit of 62609?
6
What is the thousands digit of 3375?
3
What is the units digit of 7562?
2
What is the ten thousands digit of 13242?
1
What is the units digit of 1633?
3
What is the hundreds digit of 19827